ands digit of 1266?
1
What is the units digit of 7?
7
What is the units digit of 2160?
0
What is the thousands digit of 8402?
8
What is the hundreds digit of 1691?
6
What is the hundreds digit of 231?
2
What is the units digit of 1653?
3
What is the thousands digit of 7905?
7
What is the tens digit of 5515?
1
What is the hundreds digit of 2408?
4
What is the thousands digit of 89659?
9
What is the units digit of 31427?
7
What is the hundreds digit of 3464?
4
What is the hundreds digit of 492?
4
What is the units digit of 16087?
7
What is the tens digit of 1189?
8
What is the hundreds digit of 41342?
3
What is the hundreds digit of 963?
9
What is the thousands digit of 82892?
2
What is the units digit of 11087?
7
What is the hundreds digit of 3321?
3
What is the units digit of 7912?
2
What is the units digit of 8603?
3
What is the thousands digit of 2224?
2
What is the tens digit of 4063?
6
What is the units digit of 192979?
9
What is the hundreds digit of 14101?
1
What is the units digit of 22541?
1
What is the hundreds digit of 12683?
6
What is the ten thousands digit of 13414?
1
What is the tens digit of 12829?
2
What is the thousands digit of 13617?
3
What is the ten thousands digit of 47455?
4
What is the units digit of 913?
3
What is the units digit of 142?
2
What is the thousands digit of 59077?
9
What is the tens digit of 68768?
6
What is the tens digit of 9933?
3
What is the units digit of 45547?
7
What is the thousands digit of 3459?
3
What is the tens digit of 3447?
4
What is the hundreds digit of 6800?
8
What is the tens digit of 1407?
0
What is the units digit of 42584?
4
What is the units digit of 4779?
9
What is the units digit of 2573?
3
What is the units digit of 316?
6
What is the tens digit of 17112?
1
What is the units digit of 314?
4
What is the hundreds digit of 5893?
8
What is the hundreds digit of 3125?
1
What is the units digit of 330?
0
What is the hundreds digit of 282?
2
What is the tens digit of 41580?
8
What is the tens digit of 309?
0
What is the thousands digit of 4162?
4
What is the units digit of 37591?
1
What is the units digit of 2999?
9
What is the tens digit of 437?
3
What is the hundreds digit of 538?
5
What is the hundred thousands digit of 108122?
1
What is the tens digit of 1036?
3
What is the tens digit of 15111?
1
What is the tens digit of 963?
6
What is the ten thousands digit of 56019?
5
What is the thousands digit of 3477?
3
What is the tens digit of 11179?
7
What is the hundreds digit of 74786?
7
What is the units digit of 12241?
1
What is the units digit of 3031?
1
What is the thousands digit of 59563?
9
What is the units digit of 1319?
9
What is the hundreds digit of 16100?
1
What is the units digit of 1675?
5
What is the tens digit of 86129?
2
What is the tens digit of 76245?
4
What is the tens digit of 3757?
5
What is the ten thousands digit of 33236?
3
What is the units digit of 29930?
0
What is the units digit of 3289?
9
What is the tens digit of 1241?
4
What is the hundred thousands digit of 112851?
1
What is the tens digit of 75768?
6
What is the thousands digit of 1407?
1
What is the units digit of 1192?
2
What is the thousands digit of 61535?
1
What is the tens digit of 10602?
0
What is the thousands digit of 2617?
2
What is the hundreds digit of 6218?
2
What is the hundreds digit of 276?
2
What is the units digit of 162?
2
What is the ten thousands digit of 16708?
1
What is the tens digit of 16373?
7
What is the tens digit of 503?
0
What is the tens digit of 2474?
7
What is the units digit of 2514?
4
What is the hundreds digit of 6435?
4
What is the hundreds digit of 629?
6
What is the units digit of 4130?
0
What is the tens digit of 20407?
0
What is the hundreds digit of 19529?
5
What is the tens digit of 7532?
3
What is the hundreds digit of 4112?
1
What is the units digit of 24501?
1
What is the hundreds digit of 9782?
7
What is the hundreds digit of 119152?
1
What is the tens digit of 143359?
5
What is the units digit of 18608?
8
What is the units digit of 24833?
3
What is the units digit of 14154?
4
What is the hundreds digit of 20742?
7
What is the hundreds digit of 17553?
5
What is the hundreds digit of 2048?
0
What is the units digit of 352?
2
What is the thousands digit of 6663?
6
What is the hundreds digit of 72244?
2
What is the thousands digit of 4528?
4
What is the units digit of 18856?
6
What is the ten thousands digit of 47327?
4
What is the ten thousands digit of 131282?
3
What is the hundreds digit of 5726?
7
What is the tens digit of 8110?
1
What is the hundreds digit of 68202?
2
What is the ten thousands digit of 11273?
1
What is the units digit of 68038?
8
What is the ten thousands digit of 77312?
7
What is the units digit of 11893?
3
What is the units digit of 6734?
4
What is the hundreds digit of 441?
4
What is the thousands digit of 64914?
4
What is the units digit of 3606?
6
What is the units digit of 12100?
0
What is the tens digit of 150674?
7
What is the thousands digit of 1964?
1
What is the units digit of 4919?
9
What is the units digit of 1334?
4
What is the tens digit of 8474?
7
What is the thousands digit of 2045?
2
What is the thousands digit of 2530?
2
What is the hundreds digit of 1712?
7
What is the tens digit of 12317?
1
What is the tens digit of 38?
3
What is the thousands digit of 2671?
2
What is the tens digit of 248?
4
What is the ten thousands digit of 115138?
1
What is the tens digit of 3056?
5
What is the hundreds digit of 3481?
4
What is the thousands digit of 8712?
8
What is the tens digit of 1472?
7
What is the units digit of 104496?
6
What is the ten thousands digit of 13360?
1
What is the thousands digit of 37663?
7
What is the ten thousands digit of 53753?
5
What is the hundreds digit of 7085?
0
What is the units digit of 450?
0
What is the units digit of 8712?
2
What is the tens digit of 594?
9
What is the tens digit of 1151?
5
What is the hundreds digit of 92413?
4
What is the units digit of 1755?
5
What is the units digit of 5033?
3
What is the hundreds digit of 44951?
9
What is the tens digit of 41823?
2
What is the tens digit of 11974?
7
What is the tens digit of 653?
5
What is the hundreds digit of 33612?
6
What is the thousands digit of 6137?
6
What is the hundreds digit of 8274?
2
What is the tens digit of 2434?
3
What is the units digit of 13621?
1
What is the units digit of 4192?
2
What is the thousands digit of 38326?
8
What is the tens digit of 21984?
8
What is the hundreds digit of 28678?
6
What is the tens digit of 27869?
6
What is the units digit of 1133?
3
What is the units digit of 979?
9
What is the units digit of 4933?
3
What is the hundred thousands digit of 121315?
1
What is the units digit of 1103?
3
What is the tens digit of 13685?
8
What is the units digit of 22776?
6
What is the thousands digit of 3134?
3
What is the tens digit of 744?
4
What is the units digit of 397?
7
What is the thousands digit of 1534?
1
What is the hundreds digit of 709?
7
What is the hundreds digit of 521?
5
What is the hundred thousands digit of 124023?
1
What is the ten thousands digit of 38197?
3
What is the units digit of 1832?
2
What is the thousands digit of 12119?
2
What is the units digit of 4593?
3
What is the units digit of 2972?
2
What is the hundreds digit of 5877?
8
What is the units digit of 2860?
0
What is the units digit of 2763?
3
What is the ten thousands digit of 80006?
8
What is the ten thousands digit of 88390?
8
What is the hundreds digit of 2172?
1
What is the thousands digit of 5763?
5
What is the hundreds digit of 268?
2
What is the tens digit of 3260?
6
What is the thousands digit of 4681?
4
What is the tens digit of 994?
9
What is the thousands digit of 58081?
8
What is the tens digit of 4633?
3
What is the hundreds digit of 840?
8
What is the hundreds digit of 1588?
5
What is the tens digit of 703?
0
What is the ten thousands digit of 34761?
3
What is the tens digit of 199?
9
What is the thousands digit of 1384?
1
What is the hundreds digit of 21577?
5
What is the tens digit of 78794?
9
What is the tens digit of 988?
8
What is the thousands digit of 47189?
7
What is the thousands digit of 2030?
2
What is the hundreds digit of 5678?
6
What is the tens digit of 941?
4
What is the hundreds digit of 25928?
9
Wh